the prime factors of 3336?
2, 3, 139
List the prime factors of 211.
211
What are the prime factors of 13792?
2, 431
What are the prime factors of 90?
2, 3, 5
List the prime factors of 52796.
2, 67, 197
List the prime factors of 43628.
2, 13, 839
List the prime factors of 3869.
53, 73
List the prime factors of 1153.
1153
What are the prime factors of 65?
5, 13
What are the prime factors of 2906?
2, 1453
What are the prime factors of 47?
47
List the prime factors of 17707.
17707
List the prime factors of 1216.
2, 19
What are the prime factors of 1462?
2, 17, 43
What are the prime factors of 9937?
19, 523
What are the prime factors of 1092?
2, 3, 7, 13
List the prime factors of 39283.
163, 241
List the prime factors of 66211.
73, 907
List the prime factors of 733.
733
List the prime factors of 9261.
3, 7
List the prime factors of 101349.
3, 11261
What are the prime factors of 6784?
2, 53
What are the prime factors of 730?
2, 5, 73
List the prime factors of 5398.
2, 2699
What are the prime factors of 14842?
2, 41, 181
List the prime factors of 24391.
24391
What are the prime factors of 19951?
71, 281
What are the prime factors of 1243?
11, 113
What are the prime factors of 415?
5, 83
What are the prime factors of 1906?
2, 953
List the prime factors of 1064.
2, 7, 19
What are the prime factors of 8106?
2, 3, 7, 193
List the prime factors of 57145.
5, 11, 1039
What are the prime factors of 2074?
2, 17, 61
List the prime factors of 790.
2, 5, 79
What are the prime factors of 15715?
5, 7, 449
List the prime factors of 23665.
5, 4733
What are the prime factors of 1949?
1949
List the prime factors of 761.
761
List the prime factors of 1123.
1123
List the prime factors of 1588.
2, 397
What are the prime factors of 2754?
2, 3, 17
List the prime factors of 7497.
3, 7, 17
What are the prime factors of 43869?
3, 7, 2089
List the prime factors of 2089.
2089
List the prime factors of 7428.
2, 3, 619
List the prime factors of 28.
2, 7
List the prime factors of 1129.
1129
List the prime factors of 357.
3, 7, 17
List the prime factors of 14613.
3, 4871
List the prime factors of 1105.
5, 13, 17
What are the prime factors of 67689?
3, 23, 109
What are the prime factors of 8561?
7, 1223
What are the prime factors of 1051?
1051
List the prime factors of 2992.
2, 11, 17
List the prime factors of 119.
7, 17
What are the prime factors of 7937?
7937
List the prime factors of 2950.
2, 5, 59
What are the prime factors of 3466?
2, 1733
What are the prime factors of 287?
7, 41
List the prime factors of 4140.
2, 3, 5, 23
List the prime factors of 7098.
2, 3, 7, 13
List the prime factors of 9136.
2, 571
What are the prime factors of 13678?
2, 7, 977
What are the prime factors of 2919?
3, 7, 139
List the prime factors of 13571.
41, 331
What are the prime factors of 365?
5, 73
List the prime factors of 36001.
7, 37, 139
List the prime factors of 8197.
7, 1171
What are the prime factors of 3052?
2, 7, 109
List the prime factors of 1502.
2, 751
List the prime factors of 2845.
5, 569
What are the prime factors of 25726?
2, 19, 677
What are the prime factors of 76810?
2, 5, 7681
List the prime factors of 1976.
2, 13, 19
List the prime factors of 359.
359
List the prime factors of 3001.
3001
What are the prime factors of 111313?
157, 709
List the prime factors of 1101.
3, 367
List the prime factors of 2332.
2, 11, 53
What are the prime factors of 11885?
5, 2377
What are the prime factors of 1230?
2, 3, 5, 41
List the prime factors of 5020.
2, 5, 251
List the prime factors of 21497.
7, 37, 83
What are the prime factors of 3066?
2, 3, 7, 73
What are the prime factors of 5292?
2, 3, 7
List the prime factors of 3705.
3, 5, 13, 19
What are the prime factors of 3058?
2, 11, 139
What are the prime factors of 49177?
49177
List the prime factors of 3557.
3557
List the prime factors of 1141.
7, 163
What are the prime factors of 2622?
2, 3, 19, 23
List the prime factors of 1299.
3, 433
List the prime factors of 10992.
2, 3, 229
What are the prime factors of 17110?
2, 5, 29, 59
What are the prime factors of 79201?
79201
What are the prime factors of 3991?
13, 307
List the prime factors of 81653.
11, 13, 571
List the prime factors of 14327.
14327
List the prime factors of 1859.
11, 13
What are the prime factors of 21341?
21341
What are the prime factors of 1331?
11
List the prime factors of 49219.
83, 593
What are the prime factors of 1997?
1997
List the prime factors of 5119.
5119
List the prime factors of 1563.
3, 521
What are the prime factors of 36493?
36493
What are the prime factors of 77780?
2, 5, 3889
What are the prime factors of 1070?
2, 5, 107
What are the prime factors of 3368?
2, 421
What are the prime factors of 5867?
5867
List the prime factors of 8010.
2, 3, 5, 89
List the prime factors of 1482.
2, 3, 13, 19
List the prime factors of 4515.
3, 5, 7, 43
What are the prime factors of 326?
2, 163
List the prime factors of 47970.
2, 3, 5, 13, 41
List the prime factors of 5405.
5, 23, 47
What are the prime factors of 11220?
2, 3, 5, 11, 17
What are the prime factors of 104083?
7, 14869
List the prime factors of 824.
2, 103
What are the prime factors of 2754?
2, 3, 17
List the prime factors of 70405.
5, 14081
List the prime factors of 208.
2, 13
What are the prime factors of 622?
2, 311
List the prime factors of 45839.
23, 1993
List the prime factors of 479.
479
What are the prime factors of 111924?
2, 3, 3109
What are the prime factors of 15865?
5, 19, 167
What are the prime factors of 1946?
2, 7, 139
List the prime factors of 6072.
2, 3, 11, 23
What are the prime factors of 10944?
2, 3, 19
What are the prime factors of 16017?
3, 19, 281
What are the prime factors of 11479?
13, 883
List the prime factors of 3171.
3, 7, 151
What are the prime factors of 2602?
2, 1301
List the prime factors of 10853.
10853
List the prime factors of 7409.
31, 239
What are the prime factors of 179?
179
What are the prime factors of 1091?
1091
List the prime factors of 6993.
3, 7, 37
What are the prime factors of 6718?
2, 3359
List the prime factors of 20888.
2, 7, 373
List the prime factors of 1346.
2, 673
What are the prime factors of 1476?
2, 3, 41
What are the prime factors of 22670?
2, 5, 2267
What are the prime factors of 51269?
167, 307
What are the prime factors of 10874?
2, 5437
What are the prime factors of 814?
2, 11, 37
List the prime factors of 1027.
13, 79
List the prime factors of 115.
5, 23
List the prime factors of 15056.
2, 941
What are the prime factors of 5980?
2, 5, 13, 23
List the prime factors of 11589.
3, 3863
List the prime factors of 56189.
7, 23, 349
List the prime factors of 17402.
2, 7, 11, 113
List the prime factors of 86999.
11, 719
List the prime factors of 136159.
47, 2897
What are the prime factors of 1602?
2, 3, 89
What are the prime factors of 3084?
2, 3, 257
What are the prime factors of 1161?
3, 43
List the prime factors of 34425.
3, 5, 17
List the prime factors of 19747.
7, 13, 31
List the prime factors of 1750.
2, 5, 7
List the prime factors of 957.
3, 11, 29
List the prime factors of 787.
787
What are the prime factors of 1287?
3, 11, 13
List the prime factors of 8915.
5, 1783
List the prime factors of 28426.
2, 61, 233
What are the prime factors of 6646?
2, 3323
What are the prime factors of 2003?
2003
What are the prime factors of 8503?
11, 773
What are the prime factors of 134299?
11, 29, 421
List the prime factors of 117084.
2, 3, 11, 887
List the prime factors of 637.
7, 13
What are the prime factors of 8705?
5, 1741
What are the prime factors of 1426?
2, 23, 31
List the prime factors of 35610.
2, 3, 5, 1187
List the prime factors of 90568.
2, 11321
List the prime factors of 3478.
2, 37, 47
What are the prime factors of 23929?
23929
List the prime factors of 611.
13, 47
List the prime factors of 13215.
3, 5, 881
What are the prime factors of 1999?
1999
List the prime factors of 609.
3, 7, 29
What are the prime factors of 3580?
2, 5, 179
List the prime factors of 1279.
1279
List the prime factors of 54166.
2, 7, 53, 73
List the prime factors of 20687.
137, 151
What are the prime factors of 13790?
2, 5, 7, 197
List the prime factors of 18630.
2, 3, 5, 23
List the prime factors of 6246.
2, 3, 347
What are the prime factors of 32159?
32159
List the prime factors